58*u = -z*u - 24. What are the prime factors of u?
2
Let o = 7 - 1. Let u(z) = -3*z + 33. Let a be u(6). Let x = a + o. What are the prime factors of x?
3, 7
Let z be 0 + 4 - (-11 + -8). Let b(y) = -z - y - 19 + 46 + y**2. List the prime factors of b(3).
2, 5
Suppose 4*p = 8*p + 168. Let d = p - -189. List the prime factors of d.
3, 7
Suppose -3*f + 176 = 23. Suppose 11*n - f = 8*n. What are the prime factors of n?
17
Let y(k) = -3 + 4*k - 3*k + k**2 - 14 - 3. List the prime factors of y(6).
2, 11
Let a = -1136 + 1771. List the prime factors of a.
5, 127
Suppose -16 = -u - 3*u. Suppose 2*t - u = t. Suppose 7*f - 60 = t*f. List the prime factors of f.
2, 5
Let a = 132 + -76. List the prime factors of a.
2, 7
Let u(s) = 2*s**2 + s - 13. Let w(x) = -2*x**2 - 2*x + 13. Let a(t) = -4*u(t) - 5*w(t). Let h be a(-8). Suppose r - h = -13. What are the prime factors of r?
2, 3
Let c = 34 + -18. Suppose k = c + 44. What are the prime factors of k?
2, 3, 5
List the prime factors of 1234/((4/(-14))/(3/(-7))).
3, 617
Suppose q = 37 + 277. Suppose 0 = -19*v + 17*v + q. List the prime factors of v.
157
Suppose 0 = 2*t - 4*t - 176. Let q be 5 - 5 - 122 - 2. Let f = t - q. What are the prime factors of f?
2, 3
Suppose 32*j = 28*j + 2152. What are the prime factors of j?
2, 269
Let h(f) be the first derivative of f**3/3 - 9*f**2/2 - 4*f + 2. What are the prime factors of h(14)?
2, 3, 11
Suppose -215 = -5*r - 5*l, 3*r + 2*r = -2*l + 215. Let p = 25 + r. What are the prime factors of p?
2, 17
Let n(z) = 19*z**2 + z + 10. List the prime factors of n(4).
2, 3, 53
Let x = -12 + 8. Let g be x/(-1*6/(-9)). Let a = g + 11. What are the prime factors of a?
5
Suppose 0 = -3*c + 4*c - n - 16, 0 = -c + 2*n + 20. Let o = 16 - c. Let f(p) = -p**3 + 5*p**2 - 3*p + 4. List the prime factors of f(o).
2
Suppose 3*b - 5*s + 185 = -4*s, 0 = b - 2*s + 65. List the prime factors of (-2 + 15 + 3)*b/(-4).
2, 61
Suppose 14678 = 4*z - 1378. List the prime factors of z.
2, 3, 223
Suppose 4*l = 2*q + 52, -3*l - 2*q = -q - 39. Suppose -2*n = 5*j - n - 10, 0 = 4*j + 5*n + l. What are the prime factors of j?
3
Suppose -15*w = -9875 + 3380. What are the prime factors of w?
433
Suppose 0 = 4*k - 5 + 21. What are the prime factors of (-90)/k*8/2?
2, 3, 5
Suppose 0 = f - 2*l - 2257, -4*l = 5*f + 1077 - 12334. What are the prime factors of f?
3, 751
Let z = -125 - -55. Let h = -125 + 5. Let o = z - h. What are the prime factors of o?
2, 5
Let r = 2261 + -1463. What are the prime factors of r?
2, 3, 7, 19
Let z = 1624 + 1022. List the prime factors of z.
2, 3, 7
Let z(h) = -8*h + 19. Let g = -41 + 28. What are the prime factors of z(g)?
3, 41
Suppose 3*k = 3*p - 81, 3*k - 5*p + 3*p + 86 = 0. Let o = k + 61. Let l = o + -25. What are the prime factors of l?
2
Suppose -b - 144 = -982. What are the prime factors of b?
2, 419
Suppose -3*t + 8*t - 2*g = -40, -4*t - g = 45. Let i = 11 - t. Suppose 0 = -22*z + i*z + 37. List the prime factors of z.
37
What are the prime factors of 115*21*5/15?
5, 7, 23
Let h(p) = p - 3. Let i be h(0). What are the prime factors of 1*2 + (i - -266)?
5, 53
Let g be -1 + (4 - 3 - -2). Suppose 9 = h + g*h. List the prime factors of h.
3
Let g(h) = h**3 + h + 6. Let m be g(0). Suppose 3*x = m*x - 5*b - 95, -3*b + 135 = 3*x. What are the prime factors of x?
2, 5
Suppose 0 = 4*m - 99 - 17. Let j be (12/(-10))/((-3)/45). Let b = m + j. List the prime factors of b.
47
Let i = -3796 + 6133. What are the prime factors of i?
3, 19, 41
Suppose 3*n = 8*n - 265. Suppose -313 = -2*h - n. What are the prime factors of h?
2, 5, 13
Let s be 2 - 0 - (-14)/(-2). Let g = -84 + 70. Let d = s - g. List the prime factors of d.
3
Let t(f) = -4*f**3 - f**2 - f + 2. Let g be t(1). What are the prime factors of (-12)/6*34/g?
17
Let q = 1 + 1. Suppose 42 = 5*i + t + q*t, -i - 2 = -2*t. Let c = 20 - i. What are the prime factors of c?
2, 7
Suppose -4*o + 3*a = -14689, 5*a - 7*a - 14686 = -4*o. List the prime factors of o.
2, 5, 367
Suppose 8*p + 696 = 12*p. Suppose -12*b + p = -1530. What are the prime factors of b?
2, 71
Suppose 0 = 25*o - 30*o - 75. What are the prime factors of 6/o + 6489/35?
5, 37
Suppose 8 = 2*b + 12. List the prime factors of b*-17*(-4)/(-4).
2, 17
List the prime factors of ((-20)/3)/(2/(-51)).
2, 5, 17
Let s(r) = -r**3 - 11*r**2 + 13*r + 15. Let z be s(-12). Suppose 51 + 81 = -z*b. Let t = 110 + b. List the prime factors of t.
2, 3, 11
List the prime factors of 6/6 - (1 - 311).
311
Let l be 255/30*2*4. Let g(u) = 6*u**2 + u. Let i be g(-1). Let a = l - i. List the prime factors of a.
3, 7
Let l = -2 + 4. Suppose 4*k = -4*i + 24, -3*i - l*k = -7*i + 6. Suppose -2*u + x + 0*x = -11, 0 = -i*u - 5*x - 16. List the prime factors of u.
3
Let g(p) = p + 10. Let q be g(-7). Let c = -6 - -6. Suppose c*d + q*d = 117. List the prime factors of d.
3, 13
Let i(n) = -9*n + 34. Let g be i(3). What are the prime factors of 268/10 + -2 + g/35?
5
Suppose -m + 67 + 67 = 0. Let o = m + -69. List the prime factors of o.
5, 13
Let r be ((-1)/2)/(3/12). What are the prime factors of (2 + ((-1428)/(-8))/(-7))*r?
47
Let l be 2/8*(6 - 6). Suppose -z = 3, -4*s + 8 = -2*z - 18. Suppose -s*w + 35 = -l*w. What are the prime factors of w?
7
Let l(g) be the third derivative of g**6/120 + g**4/24 + 13*g**3/3 + 14*g**2. Suppose -4*o = -0*o. List the prime factors of l(o).
2, 13
Let l be -1*(-3 + -1*0/(-5)). Let d = -5 - -8. Suppose -3*m = -2*m - 3, 0 = l*r - d*m - 18. What are the prime factors of r?
3
Suppose -4*f - 6 = -7*f. Suppose 0*k - f*k - 4*h = -150, -4*h + 16 = 0. List the prime factors of k.
67
Let t = 43 + -29. Suppose -2*z + 0*x - x = 46, -5*x = -5*z - 130. List the prime factors of 242/t - z/(-84).
17
Suppose 0 = z - 2*g + 8, 4*z - g - 3 + 7 = 0. Suppose z = 70*n - 75*n + 450. What are the prime factors of n?
2, 3, 5
Suppose 2*a + a = 4*v - 26, 5*a + 25 = 3*v. Suppose 3*m - 4*p - 97 = -2*p, 120 = 5*m + v*p. What are the prime factors of m?
29
Let j = -9 - -18. Suppose 4*q = j*q - 125. List the prime factors of q.
5
Let g be (0 + 1)/(3/(-57)). Let m = -5 - g. What are the prime factors of 4*1*217/m?
2, 31
Let f(r) = r**2 - 10*r + 20. Let h be f(8). Suppose -h*l + 20 = -44. What are the prime factors of l?
2
Let k = 3888 - 1789. List the prime factors of k.
2099
Let c = -8 + -19. Let k = 15 - c. List the prime factors of k.
2, 3, 7
Let n(q) = -q**2 + 13*q. Let d be n(13). Suppose d = 3*h - 0 - 33. List the prime factors of h.
11
Let d be -1*-6*(-4)/(-8). Suppose 0 = d*t - 91 - 53. List the prime factors of t.
2, 3
Suppose -3*m + 1402 = -4*u, -5*u = 2*m + m - 1447. What are the prime factors of m?
2, 3, 79
Let s = -17 - -13. Let x be s/4 - -2 - 61. Let a = 90 + x. What are the prime factors of a?
2, 3, 5
Suppose -11 - 29 = 5*n. Let u(y) = -y**3 + y**2 - 2*y + 4. Let l be u(0). List the prime factors of 2 + l/(n/(-94)).
7
Let n = 6 - 16. Let k = n + 84. What are the prime factors of k?
2, 37
Let l = -87 + 61. List the prime factors of (-1408)/l - (-16)/(-104).
2, 3
Let u be (-1)/(2/60)*(-150)/125. Let a = 16 + -10. List the prime factors of (u/(-8))/(a/(-16)).
2, 3
Suppose -3*x + 5*v = -4482, 3*v - 3007 = 12*x - 14*x. What are the prime factors of x?
1499
Let k(x) = -2*x + 2. Let o be k(-5). Suppose o + 59 = b. What are the prime factors of b?
71
Suppose 660*m + 102620 = 688*m. What are the prime factors of m?
5, 733
Let z = 32 + -29. Suppose 0 = -a - 5, 4*a = -z*d + a + 123. What are the prime factors of d?
2, 23
Let i be ((-1)/2)/((-2)/(-16)). Let r be (i + 9)*156/10. List the prime factors of ((-1)/2)/((-1)/r).
3, 13
Let y(w) = -5*w**2 - 13*w + 30. Let k(a) = -11*a**2 - 25*a + 62. Let l(g) = -6*k(g) + 11*y(g). List the prime factors of l(5).
2, 67
Suppose 425*s = 432*s - 21280. List the prime factors of s.
2, 5, 19
Let w be (-6)/(((-2)/67)/1). Let x be w/15 - 2/5. Let r = 34 - x. What are the prime factors of r?
3, 7
Suppose -40 - 28 = 4*m. Suppose -2*w - 3*w = -180. Let r = m + w. What are the prime factors of r?
19
Suppose 0 = -4*f + 3 + 13. Suppose 0 = 5*u - 5, 0*w = -w - 4*u + 4. Suppose -f*o + w*o - 5*v = -51, -71 = -4*o - v. What are the prime factors of o?
19
List the prime factors of -64*(-1)/24*-4*-24.
2
Let i be (1 - 0) + -4 + -4. Let l(o) = o**3 + 8*o**2 + 2*o + 8. What are the prime 